624599. Determine u(-412).
7
Let f(p) = p**3 + 34*p**2 + 10*p + 116. Determine f(-34).
-224
Let k(s) = 5*s**2 + 2588*s + 288033. Determine k(-162).
-3
Let t(d) = 7*d**2 - 334*d - 12647. Calculate t(-25).
78
Let x(r) = -5*r**3 - 42*r**2 + 86*r + 528. Determine x(-9).
-3
Let y(x) = 18*x**2 + 50*x - 304. Determine y(-7).
228
Let m(u) = 307*u - 105943. What is m(345)?
-28
Let w(f) = -8920*f + 400881. Calculate w(45).
-519
Let p(y) = 4*y**3 + 590*y**2 + 287*y - 1043. Give p(-147).
-14
Let f(o) = -5*o**2 + 1040*o + 37046. Give f(239).
1
Let r(w) = 2*w**2 + 195*w - 702. Give r(-102).
216
Let y(r) = 15*r**2 - 3907*r - 1243. Calculate y(261).
845
Let m(c) = -c**2 + 1274296*c + 7645810. Calculate m(-6).
-2
Let u(o) = -2*o**3 + 9*o**2 + 897*o + 4083. Calculate u(-5).
73
Let l(i) = 115*i - 876. What is l(8)?
44
Let t(b) = -2*b**2 - 96*b + 8665. Give t(45).
295
Let w(x) = x**3 - 25*x**2 + 147*x - 3620. Determine w(25).
55
Let s(u) = -u**2 - 49120*u + 2015584. Determine s(41).
-17
Let k(q) = 204*q**2 - 1232*q - 55. Calculate k(6).
-103
Let u(x) = 962*x + 19567. What is u(-20)?
327
Let h(g) = g**3 + 40*g**2 - 107*g + 29. Calculate h(-41).
2735
Let m(q) = -140*q**2 + 31367*q + 404. Give m(224).
1972
Let t(x) = x**3 - 3*x**2 + 283*x - 3548. Give t(10).
-18
Let w(j) = -158*j + 11169. Calculate w(68).
425
Let u(s) = 3*s**2 - 961*s - 10605. Calculate u(331).
-13
Let k(l) = 112812*l - 3271545. Give k(29).
3
Let s(l) = -247*l**3 + 8651*l**2 - 219*l + 297. Determine s(35).
-18
Let t(u) = -1147*u**2 + 13763*u - 34. Calculate t(12).
-46
Let w(r) = 12*r**2 - 205*r - 3063. Calculate w(-11).
644
Let y(q) = -33759*q - 67511. What is y(-2)?
7
Let s(p) = -6*p**3 - 1673*p**2 - 6665*p - 6. Give s(-4).
270
Let y(n) = 2507*n - 1338743. Calculate y(534).
-5
Let v(w) = -13602*w - 1795470. Determine v(-132).
-6
Let m(v) = 323*v - 20328. What is m(63)?
21
Let y(l) = 2*l**2 + 121*l - 12248. Give y(53).
-217
Let z(u) = -u**3 - 170*u**2 - 659*u + 837. What is z(-166)?
7
Let a(n) = 4974*n - 2535. What is a(1)?
2439
Let y(l) = -1646*l - 101789. What is y(-62)?
263
Let n(u) = 2*u**3 - 1448*u**2 + 7175*u + 40. Give n(5).
-35
Let j(t) = -t**3 - 65*t**2 - 137*t + 18. Determine j(-63).
711
Let a(r) = 50*r + 129. Determine a(7).
479
Let c(l) = -728*l**2 - 700*l - 11. What is c(-1)?
-39
Let v(a) = -52*a**2 + 1072*a - 5503. Give v(10).
17
Let r(v) = v**3 + 103*v**2 + 789*v - 526. What is r(-9)?
-13
Let j(m) = -2*m**2 - 1719*m + 2320664. Determine j(730).
-6
Let y(b) = -4*b**2 - 96389*b + 481944. Determine y(5).
-101
Let s(q) = -q**3 + 300*q**2 - 1263*q + 470775. What is s(301)?
11
Let v(s) = 731*s**3 - 17542*s**2 + 4*s - 1247. Give v(24).
1
Let y(i) = 40*i**2 - 848*i + 44. Calculate y(21).
-124
Let q(r) = -104*r**2 - 10*r + 1362. Calculate q(0).
1362
Let j(p) = 1472*p**2 - 22064*p - 415. Determine j(15).
-175
Let h(s) = 13790*s + 55246. Determine h(-4).
86
Let q(l) = l**3 - 33*l**2 - 12382*l + 26. Determine q(-96).
-166
Let m(b) = 106*b**2 - 2281*b + 76. Give m(0).
76
Let s(q) = -q**2 - 87*q + 23780. Give s(116).
232
Let v(a) = 6933*a + 34672. Give v(-5).
7
Let q(n) = 2*n**2 + 14432*n + 373889. What is q(-26)?
9
Let b(p) = 2*p**2 - 89*p - 3908. Calculate b(-27).
-47
Let l(u) = -7313*u + 292514. What is l(40)?
-6
Let v(g) = -4200*g + 117611. Determine v(28).
11
Let z(c) = -c**3 - 72*c**2 - 249*c - 281. Give z(-68).
-1845
Let v(f) = 20*f**3 + 1201*f**2 + 69*f + 565. Give v(-60).
25
Let a(h) = 2*h**2 + 114*h + 2189. Determine a(-34).
625
Let w(u) = -3733*u + 14917. Calculate w(4).
-15
Let g(i) = -i**3 + 43*i**2 + 164*i + 423. What is g(47)?
-705
Let z(u) = -3*u**3 + 849*u**2 + 8787*u + 970. What is z(293)?
91
Let v(b) = -3*b**3 - 41*b**2 - 85*b - 917. What is v(-13)?
-150
Let y(k) = k**2 - 224*k - 1865. Determine y(-8).
-9
Let t(o) = -1191*o + 132229. What is t(111)?
28
Let n(i) = 21*i**2 + 691*i + 5024. What is n(-22)?
-14
Let j(o) = -26474*o - 1270894. Determine j(-48).
-142
Let u(s) = -4*s**3 + 61*s**2 + 192*s - 38. What is u(18)?
-146
Let v(p) = -p**2 + 15*p - 27. Give v(7).
29
Let u(h) = 56*h**3 - 84*h**2 - 42*h + 10. Give u(2).
38
Let t(w) = -1881*w - 20721. What is t(-11)?
-30
Let v(u) = -6*u**3 + 114*u**2 + 59*u - 169. Give v(1).
-2
Let q(c) = 580*c - 1039. What is q(2)?
121
Let g(w) = 116*w + 11979. What is g(-93)?
1191
Let z(g) = -2*g**3 - 14*g**2 + 38*g - 47. What is z(0)?
-47
Let d(q) = 4*q**3 + 79*q**2 - 98*q + 32. What is d(-21)?
-115
Let n(d) = 79*d**3 + 217*d**2 - 13*d + 13. Give n(-3).
-128
Let n(f) = -f**3 - 3*f**2 + 745*f - 6546. What is n(18)?
60
Let i(t) = t**2 + 1413*t - 604395. Calculate i(344).
13
Let n(f) = 3722*f - 5370846. Determine n(1443).
0
Let v(x) = -6*x**3 - 1771*x**2 - 3558*x - 82. What is v(-2)?
-2
Let x(v) = v**2 + 109*v + 3020. What is x(-50)?
70
Let m(w) = -157315*w - 2517024. Calculate m(-16).
16
Let r(p) = 58*p**3 - 51*p**2 - 126*p + 2. Calculate r(-2).
-414
Let b(c) = 27733*c + 3022865. Determine b(-109).
-32
Let w(v) = -2*v**3 - 11*v**2 + 74*v + 44. Determine w(7).
-663
Let a(v) = -847*v - 739427. Give a(-873).
4
Let v(h) = 59*h**2 + 200*h - 194. Give v(1).
65
Let n(v) = -639*v + 61218. What is n(96)?
-126
Let z(k) = k**2 + 541*k + 73112. Calculate z(-278).
-2
Let s(l) = 117*l + 3418. Calculate s(-30).
-92
Let l(u) = 49*u - 745. Give l(6).
-451
Let p(g) = 397*g - 22469. What is p(57)?
160
Let n(k) = -26*k**3 + 79*k**2 - 9*k - 7. What is n(6)?
-2833
Let z(x) = -x**3 - 56*x**2 - 789*x - 183. Determine z(-22).
719
Let v(h) = -4*h**2 + 453*h - 11390. Give v(38).
48
Let a(l) = -2*l**3 + 4*l**2 - 152*l + 665. What is a(4)?
-7
Let b(r) = 12*r**2 + 247*r - 9015. Calculate b(19).
10
Let p(b) = -3*b**3 - 48*b**2 - 74*b + 92. Calculate p(-14).
-48
Let i(a) = 86*a**2 + 1340*a + 777. What is i(-15)?
27
Let l(n) = -5*n**3 + 18*n**2 + 340*n - 1050. Determine l(3).
-3
Let t(y) = -213*y + 1222. Calculate t(6).
-56
Let s(x) = -6*x**2 + 53*x + 54. What is s(-5)?
-361
Let o(g) = g**2 + 446829*g - 1340499. Calculate o(3).
-3
Let p(x) = 56*x**2 - 154*x + 391. Calculate p(3).
433
Let b(i) = 2*i**2 + 392*i + 13746. Determine b(-44).
370
Let a(b) = b**3 - 29*b**2 + 67*b - 52. Calculate a(24).
-1324
Let t(l) = -43088*l + 129368. Give t(3).
104
Let j(l) = -1035*l**2 - 5161*l - 32. Calculate j(-5).
-102
Let u(x) = 5*x**2 - 582*x + 9384. Determine u(19).
131
Let k(h) = 451*h**2 + 2717*h + 17. What is k(-6)?
-49
Let m(d) = -3*d**2 - 84705*d - 254086. Calculate m(-3).
2
Let o(b) = -10*b**2 + 896*b - 187. Give o(91).
-1461
Let d(b) = -416*b - 35915. Calculate d(-86).
-139
Let c(x) = 29*x - 3073. Determine c(117).
320
Let t(o) = -24600*o + 21377394. What is t(869)?
-6
Let v(m) = 98986*m - 2078710. Determine v(21).
-4
Let b(m) = -6087*m - 316605. Give b(-52).
-81
Let c(t) = -80*t - 502. Calculate c(-5).
-102
Let n(a) = 8*a**3 + 6*a**2 + 19734*a + 59185. Determine n(-3).
-179
Let x(t) = 2*t**3 + 39*t**2 + 461*t + 1571. Give x(-5).
-9
Let t(w) = w**2 + 72*w - 607. Calculate t(-81).
122
Let x(m) = -m**2 + 171*m - 4668. Calculate x(132).
480
Let l(f) = -f**3 + 395*f**2 - 2396*f + 173948. Give l(390).
8
Let a(h) = -406*h**2 - 20727*h - 1089. Determine a(-51).
-18
Let x(w) = w**2 + 7475*w - 512924. Calculate x(68).
0
Let h(g) = 343*g**2 - 1083*g + 37. Give h(3).
-125
Let r(q) = 3*q**2 - 241*q - 1784. Calculate r(-7).
50
Let u(q) = -2*q**2 + 2641*q + 31887. Give u(-12).
-93
Let g(w) = -6377*w + 1995988. Determine g(313).
-13
Let r(n) = 2*n**3 - 937*n**2 + 79*n + 182074. What is r(468)?
22
Let g(t) = 8*t**2 - 486*t + 332. Calculate g(61).
454
Let y(c) = -13*c**2 - 2451*c - 26556. What is y(-177)?
-6
Let y(r) = r**3 - 449*r**2 - 33992*r - 128. Calculate y(-66).
4
Let f(h) = 155*h**2 - 106975*h + 17258. Give f(690).
8
Let s(a) = a**3 - 52*a**2 + 108*a - 388. Calculate s(50).
12
Let g(r) = -23051*r + 3204071. Give g(139).
-18
Let m(h) = h**3 - 24*h**2 - 27*h - 87. Determine m(-7).
-1417
Let i(l) = -l**3 - 205*l**2 + 8949*l - 1236. What is i(-242)?
-26
Let s(f) = 2*f**2 + 1024*f - 27138. Determine s(-538).
838
Let m(w) = -w**3 + 4*w**2 - 43*w - 2. What is m(0)?
-2
Let q(y) = 67*y**2 - 26*y - 24. Give q(-3).
657
Let m(w) = 5*w**3 - 85*w**2 - 84*w + 2. What is m(-1)?
-4
Let x(h) = h**3 - 619*h**2 + 5492*h - 1396. Give x(610).
-176
Let h(d) = -d**3 + 57*d**2 - 365*d + 529. Calculate h(50).
-221
Let 